-39 - (-72 + 34))?
-25
What is 8 + (0 - -11) + -10?
9
30 - (243 - 240 - (0 - 8))
19
What is the value of -1 - -4 - (-721 + 728)?
-4
What is the value of -6 + -22 + 21 - -9?
2
Calculate (4 - (16 - 9)) + 16 + 7.
20
What is 11 - ((38 - 10) + -11) - (1 - -4)?
-11
Calculate -901 + 895 + (2 - 2) + -2.
-8
What is the value of 0 + -17 - (20 - 22)?
-15
(7 + -1 + 2 - (297 + -287)) + 4
2
23 + -24 + -18 + 1
-18
What is the value of (-14 + 27 - 7) + 10?
16
Calculate -97 + 77 + -2 + 9 + -1.
-14
Evaluate -11 - (2 + 4 + (7 - 13)).
-11
Calculate -27 + 2 + -1 + (4 - (30 - 35)).
-17
0 - -8 - (3 - -15 - 23)
13
What is 3 + -3 + (13 + -8 + -16 - -3)?
-8
Evaluate (-81 - -82) + 0 + (-1 - -21).
21
What is the value of -39 + 33 + (-3 + 1 - -5) + -2?
-5
Calculate 13 + -13 + (16 - 9).
7
Calculate 62 + -6 - 17 - 5.
34
Calculate -2 - -2 - (-8 + (-15 - -32)) - 13.
-22
Calculate (2 - (0 + 0 - -12)) + -30 + 23.
-17
37 - (22 - 10 - -26)
-1
What is the value of 35 + 27 + (-66 - -20)?
16
Evaluate 0 + (3 - 7) + (9 - 19 - -7).
-7
What is 17 + -12 + (11 - 9)?
7
Evaluate 1 + (21 - 4) - 11.
7
Calculate -4 - (-17 - -9 - -9) - -18.
13
What is the value of 10 - ((2 - 5) + 17)?
-4
15 + -6 + (-15 - -1)
-5
What is the value of 1 - (2 - 16 - -3)?
12
Evaluate -6 - (23 + -1 + -25).
-3
(-6 - 9) + 12 - -4
1
What is -19 + 4 + -562 + 537?
-40
Calculate (-62 - 1) + 36 - (-3 - -2 - 1).
-25
What is the value of -12 - -6 - (-16 + 0 - (0 + -4))?
6
19 + -17 + 4 + (-2 - 2) + 10
12
-6 + -13 - (-1 - 17)
-1
What is the value of (6 - -13) + (-2 - (-1 + 2)) + -9?
7
-12 + 22 + -26 - 3
-19
What is the value of 4 + -18 - (-13 + (31 - 16))?
-16
Calculate (-1 - (-6 - -2)) + (-5 - -7) - 2.
3
Calculate (89 - 96) + -10 + 0 + 4.
-13
What is -13 - (-3 - (-1 + 1))?
-10
What is 20 + (-24 - (12 + -34))?
18
What is the value of 582 + -581 - (1 - (0 - 1 - -1))?
0
Evaluate 0 + 4 + (7 + (8 - 7) - 16).
-4
28 - ((-7 - -22 - 6) + (-5 - 6))
30
What is the value of (0 - -7) + (6 - -1)?
14
Calculate (-143 - -114) + (3 - 7 - -12).
-21
What is the value of (-9 - -2) + (53 - 43 - (-4 - 1))?
8
What is the value of -27 + 11 - (2 + 3) - -3?
-18
What is (-2 - 4) + (-7 - (-11 + 8))?
-10
Calculate 0 + 9 + 79 + -82 + -12 - -18.
12
Evaluate 11 + -38 + -14 - -15.
-26
What is (1000 - 989) + (0 + -1 - -3)?
13
What is ((-2 - -6) + 4 + -5 - 0) + 13?
16
1 - (5 + 0) - (-50 + (42 - -4))
0
-236 - -235 - (16 - (-1 - -3)) - 4
-19
What is the value of (-9 - (6 + (20 - -1))) + (17 - 10)?
-29
Calculate -21 - 0 - (-11 + (9 - -14) + -17).
-16
Calculate -12 - -4 - ((8 - 6) + -3).
-7
What is 10 - (-6 + 16 - 4 - 2)?
6
Evaluate 2 - (-2 + 36 + (-25 - -7)).
-14
Calculate 43 + -34 + (2 - 2).
9
What is the value of (-3 - (-10 - -4)) + 7?
10
Calculate -3 + -7 - (-27 - (-23 + 7 + -2)).
-1
0 - -2 - (-6 + (-12 - -3))
17
Evaluate 1 - 8 - (7 + -27).
13
Evaluate -91 - -80 - (2 + -5 - (-2 + 3)).
-7
Calculate 1 + -8 + 11 + -6 + 17.
15
-2 - -5 - (41 + -22)
-16
(6 - 1) + 6 - (-4 + 5 - 0)
10
What is -16 + 45 - (15 - 0)?
14
Evaluate 6 - 1 - (8 + 19 + -18).
-4
(-16 - (-25 - -21)) + 11
-1
Evaluate -10 + (80 + -69 + -1 + -4 - -1).
-3
Evaluate 3 + 6 + 0 + -41 + 31.
-1
Calculate (-36 - -34) + (17 - 5) + -4.
6
What is 6 + (-53 - -25) + 1 + -4?
-25
What is the value of -7 + (0 - -3 - -2 - 0) + -9?
-11
What is -6 - (4 + -5 + (-2 - 2))?
-1
What is -19 - (0 + -3) - (-8 + (8 - 5))?
-11
What is -3 - 9 - (-10 + -10)?
8
What is the value of 12 - (18 - 44 - -28)?
10
Calculate (1 - (-4 - (2 - 4))) + (231 - 226).
8
((6 - 5) + -26 - 1) + 10
-16
What is (-13 - -6 - -3) + (-10 - 5)?
-19
7 + -18 + (-38 - -25)
-24
Evaluate -8 - (4 - 8) - (-1 - (-4 - 4)).
-11
What is -1 + 5 - (-12 + (8 - -9) + 15)?
-16
What is (1 - -4 - 0) + 9 + -23 + 7?
-2
Evaluate -3 - -2 - (-22 + (15 - -18)).
-12
-19 - (-10 + (-1 - 19 - -17))
-6
-26 - -9 - (-49 - -31)
1
-2 + (-15 - -1) + (2 - 4 - -1)
-17
Evaluate 10 - ((-1 - (-7 + (5 - -1))) + -1).
11
What is 0 - 6 - ((14 - 5) + -18 - 16)?
19
What is 2 + -20 + 59 + -54?
-13
-36 + 45 - (-3 + 3 - -8)
1
Evaluate 5 - (-11 + 16 + 12 - (1 - -4)).
-7
Evaluate 45 - 0 - 41 - (-15 - (2 - 0)).
21
What is -16 + 1 + 21 + -12?
-6
Evaluate (4 - (13 + -7)) + -5 - -13.
6
What is (-4 - -8 - (11 - -1)) + 15?
7
What is the value of (15 - 11) + -15 - (-15 + 0)?
4
What is (9 - -1) + (-14 - (-1 - 1))?
-2
What is the value of 15 + -9 + (8 - -7 - (0 + 3))?
18
Evaluate 2 - (6 - (4 + -2 + -6) - 6).
-2
Evaluate 122 + -106 - (3 - -18).
-5
Calculate (-9 - 2) + 3 + (4 + -15 - -5).
-14
-7 - 1 - (4 - 17 - (-24 + -9))
-28
What is 6 + (-11 - (-14 - -4)) + -8 - -23?
20
What is the value of -5 + -10 + 1 - -3?
-11
Calculate 48 + (-87 - (-44 + -4)).
9
6 + (-13 - (-4 + 3))
-6
(-12 + 25 - 7) + 8
14
What is the value of 10 + 10 + -1 + -4?
15
What is the value of (-5 + 5 - -4) + 46 + -60?
-10
What is (-9 - -14) + -1 + -2 + -16?
-14
What is -2 + (-7 + -7 - -12)?
-4
(4 - -7 - 9) + -11 - -13
4
What is 0 - 10 - (106 - 56 - 52)?
-8
3 + (-22 - -28) + (-11 - 1)
-3
-60 + 203 + -102 - (-1 - (-9 + 1))
34
What is the value of -2 + 7 + -2 + -23 - -9 - -33?
22
What is the value of 3 + -12 + -15 + 22 + -3?
-5
What is (4 + 1 - -1 - -7) + (-4 - 1)?
8
-5 - (23 + -4 - 21)
-3
What is the value of -15 + (11 - 28) - -53?
21
What is 1 - (-12 + (0 - 0 - (50 - 57)))?
6
What is the value of 16 + (3 - -2) + -6 + 2 + -6?
11
(5 - -1) + -2 - (8 + 17 + -53)
32
What is -1 - 4 - (17 - 30 - -13)?
-5
Evaluate (22 - (8 + 0 - -8 - 5)) + 10.
21
What is -325 - -292 - (-12 + 1)?
-22
What is the value of -12 - (-6 + (1 - -1 - -1) - 1)?
-8
Calculate 6 + 0 + 4 + (47 - 48).
9
Calculate 2 + (10 - 16) + (14 - (-3 - -5)).
8
11 + -20 + 15 - -16
22
Evaluate -21 + 16 + -9 + (-5 - -4) + -1.
-16
Calculate 4 + -4 + -9 + 24 + 7.
22
What is -3 - -4 - ((-15 - -3) + -2)?
15
What is (-11 - -7) + 14 - 14?
-4
What is -12 + -5 + 5 + 22?
10
Evaluate (22 - (2 - -13)) + -16.
-9
Calculate -14 - (-20 - (-5 + -6)).
-5
What is (7 - (2 - 1)) + 7 + -132 + 135?
16
What is the value of 1524 + -1571 + (25 - -1)?
-21
What is the value of -155 + 161 + (-10 - 0)?
-4
What is (-26 + 29 - (-2 + 0)) + (6 - 1)?
10
What is the value of 23 - (-2 - (-13 + -2))?
10
What is the value of (-601 - -605) + (-1 - (-7 - 0))?
10
Calculate -4 + (-30 - -10 - -16 - (-10 - 0)).
2
Evaluate 2 - 23 - (48 - 63).
-6
11 + -27 - -3 - -25
12
-10 + (4 - (10 - -3)) + -3 + 10
-12
What is the value of 2 + -28 + 25 - (0 + (16 - 0))?
-17
Evaluate (-2 - -1 - 6 - (-294 - -310)) + 11.
-12
What is the value of -2 + 0 + 0 - (2453 + -2458)?
3
What is the value of 4 - (1 + 6) - (-2 - -8)?
-9
Calculate 3 - (16 - (-15 - -27)).
-1
What is the value of (4 - -17) + 2 + 9 + -4 + -11?
17
Evaluate (25 - 0) + 224 + -248.
1
-18 + -1 - (-22 - -7 - (3 - 12))
-13
What is the value of (1 - 5 - -3 - 5) + 9 - 2?
1
27 - ((-15 - -33) + -20)
29
Calculate 3 + 55 - 38 - 57.
-37
11 + -2 + 1 + -15 + -24 + 39
10
What is (-2 - 3) + (1 - 3) + (20 - 26)?
-13
What is the value of -32 + (-19 - (-19 + 22 - 15))?
-39
5 + -11 + -2 + (-20 - -7)
-21
Evaluate 1873 + -1899 - (1 + -1 - (-2 + 1)).
-27
1 + 2 - ((9 - 38) + 42)
-10
-8 + 1 + -1 + 3 + (-229 - -210)
-24
Calculate -24 - -16 - (5 + -14 + 5).
-4
-9 + 28 + (3 - 29)
-7
Calculate -4 + 1 - (1 - -2) - (-17 - 7).
18
Calculate -4 + 2 + 4 + -5 + 1 + 17.
15
What is the value of (119 - 124 - (0 - 0)) + 11?
6
Evaluate 0 - -4 - (-34 + -29 + 65).
2
What is 6 + (-21 + 2 - -10 - 21) + 9?
-15
10 - ((-7 - -12) + 12)
-7
Calculate -26 - -40 - 27 - -10.
-3
What is -11 + (5 - 6 - -4) + 18?
10
What is the value of -4 + 11 + -27 + 18 - -3?
1
What is the value of -4 + 10 + -1 + -16 + -1?
-12
What is the value of 10 - 4 - (-21 - -22)?
5
What is 0 + 6 + (-40 - -22)?
-12
What is the value of (-1 + 3 - -1) + (-88 - -74)?
-11
What is the value of (0 + -25 - -19) + 19 + 0?
13
What is -37 + (-199 - -224 - (1 - -6))?
-19
Evaluate (-1 - -13) + -1 - ((-28 - -48) + -25).
16
(-187 - -199) + (-1 - (1 - -9)) - -12
13
What is 11 + (-21 - -12) - -6?
8
What is the value of -9 + 17 + (-24 - -12)?
-4
Calculate 1 + -2 - (-2 + 8 + (86 - 95)).
2
What is the value of -12 + (66 + -8 + -12 - 12)?
22
What is -18 - 35 - -40 - (-1 - 12)?
0
What is 14 + (5 - 38) + (1 - 15)?
-33
What is -253 + 238 - (-2 - 1)?
-12
Evaluate 18 + (36 - (16 + 18)).
20
What is -1 + 20 + 114 + -129 + 18 + 1?
23
Evaluate (0 - -2) + 43 + -36.
9
(-12 - -22) + -47 + (5 - 0 - -3)
-29
Calculat